der when 105247 is divided by 286?
285
Calculate the remainder when 933652 is divided by 1371.
1
What is the remainder when 6068364 is divided by 814?
808
Calculate the remainder when 43319 is divided by 562.
45
What is the remainder when 20323 is divided by 4167?
3655
Calculate the remainder when 463435 is divided by 11148.
6367
What is the remainder when 122974677 is divided by 167769?
0
What is the remainder when 588803 is divided by 72448?
9219
Calculate the remainder when 294181 is divided by 96226.
5503
What is the remainder when 533294 is divided by 17774?
74
What is the remainder when 282876 is divided by 7556?
3304
Calculate the remainder when 435561 is divided by 839.
120
What is the remainder when 2852893 is divided by 1259?
1258
What is the remainder when 343637 is divided by 257?
28
What is the remainder when 8414 is divided by 696?
62
Calculate the remainder when 245978 is divided by 243140.
2838
Calculate the remainder when 10777532 is divided by 116.
88
Calculate the remainder when 31376488 is divided by 919.
909
Calculate the remainder when 363992867 is divided by 40443650.
17
What is the remainder when 316915573 is divided by 23?
22
What is the remainder when 2780221 is divided by 9?
4
Calculate the remainder when 1071925 is divided by 76563.
43
What is the remainder when 1246712 is divided by 1617?
5
What is the remainder when 4648413 is divided by 20035?
293
What is the remainder when 1632377 is divided by 90686?
29
What is the remainder when 87778150 is divided by 504?
502
Calculate the remainder when 13329056 is divided by 67.
9
What is the remainder when 5860575 is divided by 488380?
15
What is the remainder when 720272 is divided by 622?
618
Calculate the remainder when 106290557 is divided by 394.
389
What is the remainder when 53558 is divided by 1081?
589
Calculate the remainder when 20689 is divided by 2309.
2217
Calculate the remainder when 48668218 is divided by 16222735.
13
What is the remainder when 726198 is divided by 984?
6
What is the remainder when 147420 is divided by 36834?
84
Calculate the remainder when 1106195 is divided by 135.
5
What is the remainder when 2472589 is divided by 412098?
1
Calculate the remainder when 17106610 is divided by 228.
226
What is the remainder when 1771264 is divided by 431?
285
Calculate the remainder when 775294 is divided by 453.
211
What is the remainder when 15028619 is divided by 1073472?
11
What is the remainder when 834903 is divided by 237?
189
Calculate the remainder when 174982 is divided by 87090.
802
Calculate the remainder when 8850375 is divided by 2950094.
93
Calculate the remainder when 29752206 is divided by 227.
224
What is the remainder when 29716520 is divided by 2288?
2264
What is the remainder when 16727 is divided by 7012?
2703
Calculate the remainder when 1948701 is divided by 369.
12
What is the remainder when 18362368 is divided by 1676?
112
What is the remainder when 10638062 is divided by 69987?
38
What is the remainder when 6643057 is divided by 429?
421
Calculate the remainder when 38941255 is divided by 43.
25
Calculate the remainder when 5668631 is divided by 419.
399
Calculate the remainder when 13608245 is divided by 113402.
5
What is the remainder when 279756 is divided by 6541?
5034
Calculate the remainder when 25191230 is divided by 3872.
3870
What is the remainder when 1300262 is divided by 108?
50
What is the remainder when 87713 is divided by 560?
353
Calculate the remainder when 261469 is divided by 9489.
5266
What is the remainder when 531776 is divided by 149?
144
Calculate the remainder when 3235501 is divided by 20.
1
Calculate the remainder when 15054243 is divided by 238.
29
What is the remainder when 38976958 is divided by 3727?
3719
What is the remainder when 4293425 is divided by 143?
136
Calculate the remainder when 28565770 is divided by 4760953.
52
What is the remainder when 135348 is divided by 721?
521
What is the remainder when 8607 is divided by 1705?
82
Calculate the remainder when 8209963 is divided by 3130.
3103
Calculate the remainder when 628766345 is divided by 212.
209
Calculate the remainder when 20894070 is divided by 1160772.
174
What is the remainder when 2461547 is divided by 74592?
11
Calculate the remainder when 189788 is divided by 37428.
2648
What is the remainder when 1588959 is divided by 5658?
4719
Calculate the remainder when 16025 is divided by 196.
149
Calculate the remainder when 37492 is divided by 31728.
5764
Calculate the remainder when 27181797 is divided by 926.
919
Calculate the remainder when 359290 is divided by 257.
4
Calculate the remainder when 12971576 is divided by 29.
21
Calculate the remainder when 996232 is divided by 90475.
1007
What is the remainder when 18196196 is divided by 132?
128
What is the remainder when 126796773 is divided by 355173?
12
Calculate the remainder when 1453480 is divided by 39283.
9
What is the remainder when 16826 is divided by 7581?
1664
Calculate the remainder when 130111 is divided by 14402.
493
What is the remainder when 969788 is divided by 2292?
272
What is the remainder when 9209075 is divided by 1315570?
85
What is the remainder when 1646368 is divided by 437?
189
What is the remainder when 48195417 is divided by 31?
27
What is the remainder when 76679615 is divided by 1377?
1370
Calculate the remainder when 11291070 is divided by 662.
660
What is the remainder when 344452 is divided by 16420?
16052
What is the remainder when 186058 is divided by 2068?
2006
Calculate the remainder when 171838 is divided by 3905.
18
What is the remainder when 13546432 is divided by 53?
3
What is the remainder when 7817936 is divided by 14319?
14081
What is the remainder when 25050394 is divided by 122796?
10
Calculate the remainder when 7766887 is divided by 7766870.
17
Calculate the remainder when 1327312 is divided by 19.
10
What is the remainder when 1368100 is divided by 164?
12
What is the remainder when 27529 is divided by 703?
112
What is the remainder when 12436584 is divided by 32?
8
What is the remainder when 14454 is divided by 3611?
10
Calculate the remainder when 1292919 is divided by 790.
479
Calculate the remainder when 80966265 is divided by 26988753.
6
Calculate the remainder when 5908461 is divided by 737.
669
What is the remainder when 753045 is divided by 815?
800
Calculate the remainder when 3913696 is divided by 256.
224
What is the remainder when 5960312 is divided by 18?
8
What is the remainder when 25136 is divided by 1677?
1658
Calculate the remainder when 2517838 is divided by 81204.
514
Calculate the remainder when 1568712 is divided by 8709.
1092
Calculate the remainder when 1903086 is divided by 226.
166
What is the remainder when 8679509 is divided by 21?
20
What is the remainder when 1547504 is divided by 70337?
90
Calculate the remainder when 108876632 is divided by 162.
158
What is the remainder when 61497281 is divided by 12?
5
What is the remainder when 50524826 is divided by 400?
26
Calculate the remainder when 10203152 is divided by 195.
167
What is the remainder when 101948 is divided by 14562?
14
Calculate the remainder when 4540296 is divided by 62.
36
Calculate the remainder when 2045140 is divided by 1232.
20
Calculate the remainder when 2457330 is divided by 2060.
1810
Calculate the remainder when 175005 is divided by 48.
45
Calculate the remainder when 15776930 is divided by 3778.
2
What is the remainder when 49945482 is divided by 4540495?
37
Calculate the remainder when 7369 is divided by 97.
94
What is the remainder when 63556 is divided by 11?
9
What is the remainder when 2418372 is divided by 483?
474
Calculate the remainder when 98562645 is divided by 291.
72
What is the remainder when 12020 is divided by 1043?
547
What is the remainder when 14785287 is divided by 5402?
13
Calculate the remainder when 26746586 is divided by 2168.
2138
Calculate the remainder when 2666235 is divided by 331.
30
Calculate the remainder when 1482262 is divided by 2446.
2432
What is the remainder when 32373214 is divided by 2027?
2024
What is the remainder when 7018945 is divided by 389935?
115
Calculate the remainder when 1012901 is divided by 13.
6
Calculate the remainder when 1961062 is divided by 39220.
62
What is the remainder